642 - 396. Let l = r + -234. Calculate the remainder when p(7) is divided by l.
9
Let p = -23572 - -24210. Calculate the remainder when p is divided by 32.
30
Let w be (4/(-20) - (-64)/20) + -19. Let m = -14 - w. Suppose -m*u - 64 = -10*u. What is the remainder when 15 is divided by u?
7
Suppose 5*i = -0*i + 280. Let a = -54 + i. Calculate the remainder when 16 is divided by 4 - ((-40)/a)/4.
7
Suppose 28*x = 34*x - 276. What is the remainder when 3*6/((-144)/(-712)) is divided by x?
43
Calculate the remainder when (-602)/(-258)*(-3 - 7*-36) is divided by 26.
9
Let r be (3 - (-40)/(-15))*297. Let f = r - 94. Suppose -3*o + 3*h + 27 = 0, -6*o + o - f*h = -45. What is the remainder when 50 is divided by o?
5
Suppose -4*a - 3 = -5*a. Suppose 4*r - 3*v - 626 = -0*r, -4*r + 630 = -v. Let h = 164 - r. What is the remainder when h is divided by a?
0
Let a = -119 + 203. Let i be ((-224)/a)/(2/(-3)). Suppose 0 = y - 4, -3*s + i*y = -278. Calculate the remainder when s is divided by 33.
32
Let g(t) = 2*t. Let c be g(-2). Suppose -3*p = -3*n + 384, 3*n - 271 = n - p. Calculate the remainder when n is divided by ((-34)/8)/(c/32).
31
Suppose 2*u - 749*k + 747*k - 4 = 0, 2*u - k - 7 = 0. Calculate the remainder when 3185 is divided by u.
0
Suppose 5*x + 2*i - 6071 = 0, 2*i - 3641 = -13*x + 10*x. What is the remainder when x is divided by 7?
4
Let f be -6 - ((-1176)/210 + 2/(-5)). Suppose 0*h - 5*h + a + 186 = f, 3*a + 77 = 2*h. Calculate the remainder when 294 is divided by h.
35
Let k(y) = y**2 + 3*y - 81. What is the remainder when 161 is divided by k(-13)?
14
Suppose -185 - 25 = -3*m. Let x = m - -299. Let i = x + -164. Calculate the remainder when i is divided by 52.
49
Calculate the remainder when 1675 is divided by ((-104)/17 + (-338)/(-2873))*(-86)/4.
127
Let j = 614 + -610. What is the remainder when 9 - 12 - j/(16/(-764)) is divided by 18?
8
Let a = -6 - -83. Let u be (-2)/6 - (-38)/6. Let x = u + 14. Calculate the remainder when a is divided by x.
17
Let r = -149 - -80. Let w = -51 - r. Suppose 0 = -2*x + 28 + w. Calculate the remainder when 158 is divided by x.
20
Suppose 113 = 2*i + l, 3*l = 10 + 5. Suppose 0 = -3*z + 24 + i. What is the remainder when 63 is divided by z?
11
Let j = 12980 + -7999. What is the remainder when j is divided by 18?
13
Suppose 0 = 18*q + 72*q - 17190. Suppose -5*b = a - 90, 2*b + 7*a - 36 = 3*a. Calculate the remainder when q is divided by b.
11
Let j(y) = -4*y**3 + 21*y**2 - 7*y + 7. Let l be j(5). Suppose -g + 94 = -16. What is the remainder when g is divided by l*4*(-7)/3?
26
Suppose 0 = 3*j - 5*u - 104, -3396*u + 3398*u = -2*j + 48. Calculate the remainder when (402/9)/((-1)/(-3)) is divided by j.
22
Suppose -4*u - g + 941 = 0, 1306*u - 5*g - 272 = 1305*u. What is the remainder when u is divided by 1?
0
Suppose -7*n + 8520 + 685 = 0. Let c = n - 1262. Let h = -13 + 27. Calculate the remainder when c is divided by h.
11
What is the remainder when (-84)/(-7)*67/4 - -1 is divided by 71?
60
Let l(z) = 24*z - 115. Suppose -5*x + d + 16 = -18, -5*d = 4*x - 4. Calculate the remainder when 257 is divided by l(x).
25
Suppose 19*n = 7*n + 1695 + 6957. Calculate the remainder when n is divided by 10.
1
Suppose -c - 4*m + 5 = -m, 0 = -c - 2*m + 7. Let y(k) = -k**3 + 13*k**2 - 14*k - 7. Calculate the remainder when y(c) is divided by 28.
25
Let h be (-6)/14 + 115872/(-357). Let t = h - -516. What is the remainder when t is divided by 32?
31
Suppose -2*v + 618 = -2*s + 506, -5*s = -3*v + 168. Calculate the remainder when 292 is divided by v.
12
Let a(x) = -x + 4. Let c be a(3). Suppose t + c - 1 = 0. Suppose -4*s + t*s + 594 = 3*w, -3*s + 799 = 4*w. Calculate the remainder when w is divided by 41.
38
Let n = 116 - 69. Suppose -105*o + 104*o + 924 = 5*m, 0 = -3*m + 3*o + 558. Calculate the remainder when m is divided by n.
44
Suppose 2*l + 0*r - 3*r - 7 = 0, 0 = 5*l - 4*r - 35. Suppose -13*q - 99 + 366 = -175. Calculate the remainder when q is divided by l.
1
Suppose 2*s - 5 - 1 = 0. Suppose p + 4*o + 2 = -1, -p - o + s = 0. Suppose -d + 25 = -4*w, w + w - 59 = -p*d. What is the remainder when 23 is divided by d?
10
Let j(u) = -u. Let o be j(-12). Suppose 2*f - 126 - o = 0. Suppose 126 - 150 = -2*k. What is the remainder when f is divided by k?
9
Let d(r) = -r + 5. Let j be d(-10). Let t(q) = q**2 - 16*q + 14. Let w be t(j). Let c(y) = -18*y - 2. Calculate the remainder when 59 is divided by c(w).
11
Let d(j) = j + 44. Let i be d(-18). Suppose p + i = 102. Suppose 2*r + 16 = -3*x + 52, 0 = -4*r - 5*x + p. Calculate the remainder when 116 is divided by r.
20
Suppose -48*r + 44*r - 3*m = -3106, r = -2*m + 779. Let g = r + -761. Calculate the remainder when 29 is divided by g.
1
Let s(n) = n**2 + 5*n - 3. Let z be s(-6). Let u = 2212 + -2130. Suppose 4*o - z*l = 333, -4*o + 2*l + u = -3*o. What is the remainder when o is divided by 30?
24
Let t(h) = 9*h - 1. Suppose 4*c + 3*m = 633, -3*m = -2*c + c + 147. Suppose -6 = 15*l - c. Calculate the remainder when t(l) is divided by 30.
29
Let r(c) = -c - 70. Let k be r(0). Let b be (-14)/105 + -1502*3/(-45). Let j = b + k. Calculate the remainder when 88 is divided by j.
28
Suppose 0 = -l + 11*l - 40. Let z(f) = f**2 - f. Let w(c) = -6*c**2 - 3*c - 1. Let i(k) = l*z(k) - w(k). Calculate the remainder when 17 is divided by i(1).
7
Suppose 2*d + 90 = 3*d - 2*l, 3*l + 443 = 5*d. Let x be d/7 - (-76)/(-133). Suppose 348 - x = 7*m. Calculate the remainder when m is divided by 18.
12
Suppose 44*f - 40*f + 88 = 0. Let i = -20 - f. Suppose -3*y = s - 110, -i*y - 308 = -5*s + 2*s. Calculate the remainder when s is divided by 27.
23
Let h = -5848 + 6127. Calculate the remainder when h is divided by 152.
127
Let x(z) = 3*z**2 + 0*z**2 - z**2 + 229 - 173 + 28*z. Calculate the remainder when x(-13) is divided by 25.
5
Let x(q) = 33*q**2 - 7*q - 7. Let g(o) = -o**3 - 4*o**2 + 5*o - 3. Let i be g(-5). Calculate the remainder when x(-1) is divided by 20 - (i + 2 + 3).
15
Let q(p) = -5*p + 34. Let v be q(-11). Let r = 48 - -5. Let s = v - r. What is the remainder when s is divided by 10?
6
Suppose -10*r = -15*r + 40. Let z(p) = -r + 10*p**2 - p + 5*p**3 + 8*p - 4*p**3. What is the remainder when 17 is divided by z(-9)?
7
Let m(j) = -2*j**2 + 79*j - 704. What is the remainder when 1233 is divided by m(15)?
24
Let g = -7554 + 7899. What is the remainder when 350 is divided by g?
5
Let a = 236 + -236. Suppose -144 = -h + 5*t + 20, a = -2*h - 2*t + 316. What is the remainder when h is divided by 54?
51
Let o be 7 + (-9)/(-6)*2. What is the remainder when 50 + -32 - (-4 - -1) is divided by (-3)/(-1) + o + -1?
9
Suppose 5*f - x = 744, -f + 0*x - 5*x = -128. Calculate the remainder when f is divided by 23.
10
Suppose 20 + 29 = 66*y - 59*y. Calculate the remainder when 249 is divided by y.
4
Let t(q) = q**3 - 169*q**2 - 178*q + 1393. Let j(d) = d**2 + 4*d + 1. What is the remainder when t(170) is divided by j(-6)?
7
Let h = -12 + 16. Let a be ((315/h)/(-5))/(12/(-64)). Let f = -58 + a. What is the remainder when 100 is divided by f?
22
Let m = 579 + -322. Let k = m + -118. Calculate the remainder when k is divided by 16.
11
Let w(h) = 2*h - 9. Let x be (-27)/18*(0 - -2). Let c be w(x). Calculate the remainder when 23 is divided by 12*(-1 - 20/c).
3
Suppose 2*p - 5*z = 512, 4*z + 14 - 6 = 0. Let q = 325 - p. Calculate the remainder when 289 is divided by q.
67
Let a(u) = -14*u + 73. Calculate the remainder when 362 is divided by a(3).
21
Let h(o) = -o**2 + 46*o - 59. Let x be h(41). Suppose 153*n = x*n + 665. Let y(v) = -17*v - 2. What is the remainder when n is divided by y(-3)?
46
What is the remainder when 2391 is divided by 75 - (-4)/(24/(-90))?
51
Let z be (2/(-5))/((-3)/15). Calculate the remainder when 1*58/4*z is divided by (-8750)/(-2275) - 4/(-26).
1
Suppose 5*p = -h + 2*p + 5, h = -4*p + 5. Suppose 0 = u - 4*u - h*k + 248, 4*k = u - 60. Calculate the remainder when u is divided by 33.
10
Let h = -4615 - -4639. What is the remainder when 11902 is divided by h?
22
Suppose p + 3*q - 498 - 205 = 0, 0 = 5*p - q - 3547. What is the remainder when p is divided by 351?
7
Let r be (-1*(1 - 0))/(15/(-75)). Suppose r*m - 2 = 8. Suppose -2*p + 4*d + 38 = 0, p - d = -0*p + 14. Calculate the remainder when p is d